{"id":1085,"date":"2018-03-20T09:56:26","date_gmt":"2018-03-20T08:56:26","guid":{"rendered":"http:\/\/leichtbausymposium.de\/eng\/?page_id=1085"},"modified":"2019-07-30T15:49:04","modified_gmt":"2019-07-30T13:49:04","slug":"leichtbausymposium-2016","status":"publish","type":"page","link":"https:\/\/leichtbausymposium.de\/eng\/leichtbausymposium-2016\/","title":{"rendered":"Leichtbausymposium 2016"},"content":{"rendered":"[vc_row][vc_column]<div class=\"section-title \"><h3>20<sup>th<\/sup> International Dresden Lightweight Engineering Symposium<\/h3><p>Juni 09 - 10, 2016<\/p><\/div>[vc_column_text]\n<h2 style=\"text-align: center;\">Integrated lightweight engineering as a driver for innovative mobility solutions in the digital age<\/h2>\n<h3 style=\"text-align: center;\"><strong>Partner country \u2013 PR of China<\/strong><\/h3>\n[\/vc_column_text][\/vc_column][vc_column width=&#8221;1\/2&#8243;][vc_column_text]The Dresden International Lightweight Engineering Symposium is an established platform for the transfer of cross-sector, cross-product knowledge and experience between science, industry, society and the political sphere. From its inception in 1997 to this anniversary year the symposium has followed the principles of the Dresden Model, which is now applied throughout all major industries and promotes \u201cfunction-integrating lightweight engineering in multi-material design\u201d and the inherent material and energy efficiency thereof.\n\nMegatrends such as digitalization, sustainability, urbanization, connectivity and mobility call for innovative organizations with the ability to blaze a trail for novel materials, technologies and systems which cater to the changing needs of a world population set to rise to over 9 billion people by 2050. Integrated lightweight engineering is already an indispensable element of resource-efficient mobility and also has a crucial role to play in a variety of other fields. Its blend of intelligently networked high-end technology and mobility products puts integrated lightweight engineering in a position to tap into a sustainable source of growth, jobs, prosperity and social justice.[\/vc_column_text][\/vc_column][vc_column width=&#8221;1\/2&#8243;][vc_column_text]Their strategic partnerships in the fields of research, science, education and innovative high technology enable China and Germany to tackle global challenges. On the one hand China\u2019s potential in terms of growth and innovation makes it Germany\u2019s most important economic partner in Asia. On the other, Germany\u2019s technological expertise makes it China\u2019s most important European trading partner. The new Chinese Five-Year Plan targets sustainable development driven by an increasingly broad palette of innovative technologies and products \u2013 an approach which presents companies and research institutes in both countries with outstanding opportunities for cooperation and joint ventures.\n\nIt is against this backdrop that the 20<sup>th<\/sup> Dresden International Lightweight Engineering Symposium will focus on pioneering topics and projects in the fields of mobility and digitalization. Particular emphasis will be placed on the role our partner country China has to play. As a synergetic event for lightweight engineering specialists the symposium also aims to provide a forum for cutting-edge research and development activities as well as future-proof international business concepts. Partnership between equals offers one thing above all: Opportunities. It is therefore my pleasure to invite you to explore a host of those opportunities with us here in the city of Dresden \u2013 an open-minded, outward-looking centre for high technology and home to both a University of Excellence and a variety of top-class non-university institutions.\n\n&nbsp;\n\nProf. Dr.-Ing. habil. Prof. E.h. Dr. h.c. Werner A. Hufenbach[\/vc_column_text][\/vc_column][vc_column][vc_column_text]\n<h2 style=\"text-align: center;\">Programme 2016<\/h2>\n[\/vc_column_text][vc_tta_tabs active_section=&#8221;1&#8243; css=&#8221;.vc_custom_1521188782536{margin-bottom: 30px !important;}&#8221;][vc_tta_section title=&#8221;June 09, 2016&#8243; tab_id=&#8221;1521126497356-c4d79f23-8a9d&#8221;][vc_column_text]\n<table width=\"100%\">\n<tbody>\n<tr>\n<td valign=\"top\" width=\"56\">09:00<\/td>\n<td width=\"694\"><strong>Hufenbach<\/strong>, Werner, Prof. Dr.-Ing. habil. Prof. E.h. Dr. h.c.\n<em>Technische Universit\u00e4t Dresden,\nDistinguished Senior Professor, Institute of Lightweight Engineering and Polymer Technology \u2013 ILK\n<\/em>Greeting and Introduction<\/td>\n<\/tr>\n<tr>\n<td valign=\"top\" width=\"56\">09:20<\/td>\n<td width=\"694\"><strong>M\u00fcller-Steinhagen<\/strong>, Hans, Prof. Dr.-Ing. habil. DEng\/Auckland Dr. h.c.\/Brno\n<em>Technische Universit\u00e4t Dresden<\/em>\n<em>Rector\n<\/em>Welcome Address<\/td>\n<\/tr>\n<tr>\n<td valign=\"top\" width=\"56\">09:30<\/td>\n<td width=\"694\"><strong>Jaeckel<\/strong>, Fritz, Dr.\n<em>Free State of Saxony\nState Minister and Head of the Staatskanzlei\n<\/em>Welcome Address<\/td>\n<\/tr>\n<tr>\n<td valign=\"top\" width=\"56\">09:40<\/td>\n<td width=\"694\"><strong>Shi, <\/strong>Mingde\n<em>PR of China<\/em>\n<em> Chinese Ambassador to Germany<\/em>\nWelcome Address<\/td>\n<\/tr>\n<tr>\n<td valign=\"top\" width=\"56\">09:50<\/td>\n<td width=\"694\">Welcome Address from another Chinese Representative<\/td>\n<\/tr>\n<tr>\n<td valign=\"top\" width=\"56\">10:00<\/td>\n<td width=\"694\"><strong>Huber,<\/strong> Anton; <strong>Quendt,<\/strong> Bernhard, Dr.-Ing.\n<em>Chief Executive Officer<\/em>\nOn the way to Industrie 4.0 \u2013 Driving the Digital Enterprise<\/td>\n<\/tr>\n<tr>\n<td valign=\"top\" width=\"56\">10:30<\/td>\n<td width=\"694\"><strong>Achatz<\/strong>, Reinhold, Dr.-Ing.\n<em>thyssenkrupp AG<\/em>\n<em>Head of Corporate Function Technology, Innovation &amp; Sustainability<\/em>\nSustainable Innovation<\/td>\n<\/tr>\n<tr>\n<td valign=\"top\" width=\"56\">11:00<\/td>\n<td width=\"694\">Coffee break<\/td>\n<\/tr>\n<tr>\n<td valign=\"top\" width=\"56\">11:30<\/td>\n<td width=\"694\"><strong>Gutzmer<\/strong>, Peter, Prof. Dr.<strong>, Hosenfeldt, <\/strong>Tim, Prof. Dr.-Ing.<strong>\n<\/strong><em>Schaeffler Technologies AG &amp; Co. KG<\/em>\n<em>Deputy CEO and Chief Technology Officer<\/em><strong>\n<\/strong>Light-weight Design for the Mobility of Tomorrow<\/td>\n<\/tr>\n<tr>\n<td valign=\"top\" width=\"56\">12:00<\/td>\n<td width=\"694\"><strong>Ding<\/strong>, San-san; <strong>Tian<\/strong>, Ai-qin; <strong>Wang<\/strong>, Jian-jun; <strong>Teng<\/strong>, Le-tian\n<em>CRRC Qingdao Sifang Co., Ltd., PR China<\/em>\nResearch on Application of Carbon Fiber Composite to Chinese High-speed EMUs<\/td>\n<\/tr>\n<tr>\n<td valign=\"top\" width=\"56\">12:30<\/td>\n<td width=\"694\"><strong>Kienzle<\/strong>, Stefan, Dr.-Ing.,<strong> Behr,<\/strong> Thomas, Dr\n<em>Daimler AG<\/em>\nBody of the future<\/td>\n<\/tr>\n<tr>\n<td valign=\"top\" width=\"56\">13:00<\/td>\n<td width=\"694\"><em>Lunch break<\/em>\nChaired by: Prof. Dr.-Ing. habil. Prof. E.h. Dr. h.c. Werner <strong>Hufenbach<\/strong><\/td>\n<\/tr>\n<tr>\n<td valign=\"top\" width=\"56\">14:00<\/td>\n<td width=\"694\"><strong>Zhou,<\/strong> Rong\n<em>BAIC Group, PR of China<\/em>\n<em>Vice President<\/em>\nThe present situation and development goal of automotive lightweight in BAIC Group<\/td>\n<\/tr>\n<tr>\n<td valign=\"top\" width=\"56\">14:30<\/td>\n<td width=\"694\"><strong>Fries<\/strong>, Erich\n<em>Krauss Maffei Technologies GmbH<\/em>\nKrauss Maffei Composite Competence<\/td>\n<\/tr>\n<tr>\n<td valign=\"top\" width=\"56\">15:00<\/td>\n<td width=\"694\"><strong>Sczygiol<\/strong>, Wolfgang\n<em>Brose Fahrzeugteile GmbH &amp; Co.KG<\/em>\n<em> Vice President Business Development<\/em>\nVehicle interiors for the future, challenges to a global supplier<\/td>\n<\/tr>\n<tr>\n<td valign=\"top\" width=\"56\">15:30<\/td>\n<td width=\"694\"><em>Coffee break<\/em>\nChaired by: Prof. Dr. rer. nat. Hubert <strong>J\u00e4ger<\/strong><\/td>\n<\/tr>\n<tr>\n<td valign=\"top\" width=\"56\">16:00<\/td>\n<td width=\"694\"><strong>Ludanek<\/strong>, Harald, Dr.-Ing. Dr. h.c.<strong>, Sommer<\/strong>, Karsten<strong>\n<\/strong><em>Volkswagen AG<\/em>\n<em>Head of Research and Development at Volkswagen Commercial Vehicles<\/em>\nChallenges for the urban city- and distribution transportation \u2013 Solutions for leightweight construction and material<\/td>\n<\/tr>\n<tr>\n<td valign=\"top\" width=\"56\">16:30<\/td>\n<td width=\"694\"><strong>Tost<\/strong>, Andr\u00e9;<strong> Ridzewski<\/strong>, Jens, Prof. Dr.-Ing.;<strong> Heinrich<\/strong>, Frank\n<em>IMA Materialforschung und Anwendungstechnik GmbH<\/em>\n<em>Senior Principal Engineer<\/em>\nDevelopment of a New Test Method for Fatigue Testing of Unidirectional Composites<\/td>\n<\/tr>\n<tr>\n<td valign=\"top\" width=\"56\">17:00<\/td>\n<td width=\"694\"><strong>Quauck*<\/strong>, Daniel; <strong>\u00d6lschlegel<sup>*<\/sup><\/strong>, Alexander, Dipl.-Ing. (FH); <strong>Storck<sup>+<\/sup><\/strong>, Markus; <strong>Krahl<sup>#<\/sup><\/strong>, Michael, Dr.-Ing.; <strong>Modler<sup>#<\/sup><\/strong>, Niels, Prof. Dr.-Ing.\n<em><sup>*<\/sup><\/em><em>REHAU AG + CO<\/em>\n<em><sup>+<\/sup><\/em><em>Storck Bicycle GmbH<\/em>\n<em><sup>#<\/sup><\/em><em>Technische Universit\u00e4t Dresden \u2013 ILK<\/em>\nThe automated manufacturing of thermoplastic-based e-bike frames<\/td>\n<\/tr>\n<tr>\n<td valign=\"top\" width=\"56\">17:30<\/td>\n<td width=\"694\"><strong>Awarding of the Lightweight Engineering Graduate Prize <\/strong>by Akademischer Club Leichtbau an der TU Dresden e.V. (ACL)<\/td>\n<\/tr>\n<tr>\n<td valign=\"top\" width=\"56\">19:30<\/td>\n<td width=\"694\"><strong>Evening Event <\/strong> auf at Albrechtsberg Palace<\/td>\n<\/tr>\n<tr>\n<td colspan=\"2\" width=\"758\">Accompanying <strong>specialist exhibition<\/strong> in the Wandelhalle at the German Hygiene-Museum<\/td>\n<\/tr>\n<\/tbody>\n<\/table>\n[\/vc_column_text][\/vc_tta_section][vc_tta_section title=&#8221;June 10, 2016&#8243; tab_id=&#8221;1521126497374-a1f0b77b-1249&#8243;][vc_column_text]\n<table width=\"100%\">\n<tbody>\n<tr>\n<td valign=\"top\" width=\"56\">09:00<\/td>\n<td width=\"694\"><strong>Lu<\/strong>*, Hao; <strong>Zhao+<\/strong>, Xinyu\n<em>*CRRC Qingdao Sifang Co., Ltd., PR of China<\/em>\n<em> +Dalian Jiaotong University, School of Materials Science and Engineering, PR of China<\/em>\nUltrasonic beam model and automatic inspection on composite materials<\/td>\n<\/tr>\n<tr>\n<td valign=\"top\" width=\"56\">09:30<\/td>\n<td width=\"694\"><strong>Heuer<\/strong>*,+, H., Prof. Dr.-Ing.; <strong>Schulze<\/strong>*, M.; <strong>Pooch<\/strong>*, M.; <strong>G\u00e4bler<\/strong>*, S.\n<em>* Fraunhofer-Institute for Ceramic Technology and Systems, Material Diagnostic, Dresden<\/em>\n<em> +Technische Universit\u00e4t Dresden, Institute of Electronic Packaging Technology, Sensor Systems for Non-Destructive Testing, Dresden<\/em>\nProcess Monitoring for Carbon Fiber Fabrics, Preforms and Consolidated CFRPs by HF Eddy Current Imaging Techniques<\/td>\n<\/tr>\n<tr>\n<td valign=\"top\" width=\"56\">10:00<\/td>\n<td width=\"694\"><strong>Bi<\/strong>, Hongyun\n<em>Baosteel Group, Shanghai, PR of China<\/em>\nDevelopment of low-cost high strength stainless steel for the frame of new energy bus<\/td>\n<\/tr>\n<tr>\n<td valign=\"top\" width=\"56\">10:30<\/td>\n<td width=\"694\"><em>Coffee break<\/em>\nChaired by: Prof. Dr.-Ing. habil. Maik <strong>Gude<\/strong><\/td>\n<\/tr>\n<tr>\n<td valign=\"top\" width=\"56\">11:00<\/td>\n<td width=\"694\"><strong>Sonnen<\/strong>*, M.; <strong>Otremba<\/strong>*, F.; <strong>Berner<\/strong>+, M., Dr.-Ing.; <strong>Freund<\/strong>+, A., Dr.-Ing.; <strong>G\u00e4rtner<\/strong>+, R.; <strong>Just<\/strong>#, G.; <strong>Koch<\/strong>#, I., Dr.-Ing.; <strong>Gude<\/strong>#, M., Prof. Dr.-Ing.\n<em>*Stornetic GmbH<\/em>\n<em> + LZS GmbH<\/em>\n<em> # TU Dresden \u2013 ILK<\/em>\nEnWheel\u00ae \u2013 Ensuring stability of energy supply with the aid of integrated lightweight engineering<\/td>\n<\/tr>\n<tr>\n<td valign=\"top\" width=\"56\">11:30<\/td>\n<td width=\"694\"><strong>He\u00dfler<\/strong>, Uwe, Dr.-Ing.\n<em>Rolls-Royce Deutschland Ltd &amp; Co KG<\/em>\nPropulsion systems for a changing world- response of an aero engine manufacturer to expected mobility growth<\/td>\n<\/tr>\n<tr>\n<td valign=\"top\" width=\"56\">12:00<\/td>\n<td width=\"694\"><strong>Kopp<\/strong>, Jochen, Dr.\n<em>BMW AG<\/em>\n<em>Vice President Planning, Technology Development, Purchasing CFRP<\/em>\nCFRP serial production in automotive industry \u2013 experiences and future challenges<\/td>\n<\/tr>\n<tr>\n<td valign=\"top\" width=\"56\">12:30<\/td>\n<td width=\"694\">Mittagspause<\/td>\n<\/tr>\n<tr>\n<td valign=\"top\" width=\"56\">13:30<\/td>\n<td width=\"694\"><strong>J\u00e4ger<\/strong>, Hubert, Prof. Dr. rer. nat.\n<em>Technische Universit\u00e4t Dresden \u2013 ILK<\/em>\n<em>Speaker of the Management Board<\/em>\nCarbon Fibers \u2026 solution providers for next generation materials<\/td>\n<\/tr>\n<tr>\n<td valign=\"top\" width=\"56\">13:40<\/td>\n<td width=\"694\"><strong>Stange<\/strong>, Eva-Maria, Dr.\n<em>Saxon State Ministry for Higher Education, Research and the Arts<\/em>\nWelcome Address<\/td>\n<\/tr>\n<tr>\n<td valign=\"top\" width=\"56\">13:50<\/td>\n<td width=\"694\"><strong>Hauke<\/strong>, Tilo, Dr.\n<em>SGL Carbon GmbH<\/em>\n<em>Leiter Konzerforschung \/ Head of Technology &amp; Innovation<\/em>\nWelcome Address<\/td>\n<\/tr>\n<tr>\n<td valign=\"top\" width=\"56\">14:00<\/td>\n<td width=\"694\">Ceremonial opening of the Research Center Carbon Fibers Saxony, including the inauguration of the new carbon fiber production plant<\/td>\n<\/tr>\n<tr>\n<td valign=\"top\" width=\"56\">14:05<\/td>\n<td width=\"694\"><strong>Hund, <\/strong>Rolf-Dieter, Dr. rer. nat.;<strong> Kirsten<\/strong>, Martin, Dr. rer. nat.; <strong>Cherif<\/strong>, Chokri, Prof. Dr.-Ing. habil.\n<em>Technische Universit\u00e4t Dresden, Institute of Textile Machinery and High Performance Material Technology<\/em>\nTailored carbon fibres \u2013 R&amp;D in Saxony<\/td>\n<\/tr>\n<tr>\n<td valign=\"top\" width=\"56\">14:30<\/td>\n<td width=\"694\"><strong>Ferkel<\/strong>, Hans, Prof. Dr.-Ing.; <strong>Hilfrich,<\/strong> Erik\n<em>thyssenkrupp Steel Europe AG<\/em>\n<em> Leader Technology and Innovation<\/em>\nInnovative Materials for lightweight construction<\/td>\n<\/tr>\n<tr>\n<td valign=\"top\" width=\"56\">15:00<\/td>\n<td width=\"694\"><em>Coffee break<\/em>\nChaired by: Prof. Dr.-Ing. Niels <strong>Modler<\/strong><\/td>\n<\/tr>\n<tr>\n<td valign=\"top\" width=\"56\">15:30<\/td>\n<td width=\"694\"><strong>Weitzel<\/strong>, Stephan P.\n<em>EJOT GmbH &amp; Co. KG<\/em>\n<em> CEO, Vice President<\/em>\nSelfpiercing Fasteners for Multi- Material-Design in Lightweight Designs<\/td>\n<\/tr>\n<tr>\n<td valign=\"top\" width=\"56\">16:00<\/td>\n<td width=\"694\"><strong>Deng<\/strong>, Xiaojun,<strong> Gai<\/strong>, Kejing,<strong> Wang<\/strong>, Wanjing\n<em> CRRC Qingdao Sifang Co., Ltd., PR of China<\/em>\nResearch on Composite Carbody Structure Technology for the Next Generation Metro Vehicles<\/td>\n<\/tr>\n<tr>\n<td valign=\"top\" width=\"56\">16:30<\/td>\n<td width=\"694\"><strong>Busch<\/strong>, Arne; <strong>Brandt<\/strong>, Robert, Prof. Dr.\n<em>University of Siegen<\/em>\nAnalysis of a mechanically stressed joint in a multi-material-system<\/td>\n<\/tr>\n<tr>\n<td valign=\"top\" width=\"56\">17:00<\/td>\n<td width=\"694\"><strong>Kuhn*<\/strong>, Christoph, M.Sc.; <strong>Kucinski*<\/strong>, William; <strong>T\u00e4ger*<\/strong>, Olaf, Dr.; <strong>Osswald+<\/strong>, Tim A., Prof.\n<em>*Volkswagen AG<\/em>\n<em> +University of Wisconsin-Madison, USA<\/em>\nFiber Reinforced Plastics in Lightweight Design \u2013 Technological Challenges due to Fiber Matrix Separation<\/td>\n<\/tr>\n<tr>\n<td valign=\"top\" width=\"56\">17:30<\/td>\n<td width=\"694\"><strong>Hufenbach<\/strong>, Werner, Prof. Dr.-Ing. habil. Prof. E.h. Dr. h.c.\nClosing Address<\/td>\n<\/tr>\n<tr>\n<td valign=\"top\" width=\"56\">18:00<\/td>\n<td width=\"694\">Dresden\u2019s Researchers night\n<a href=\"https:\/\/www.wissenschaftsnacht-dresden.de\" target=\"_blank\" rel=\"noopener noreferrer\">www.wissenschaftsnacht-dresden.de<\/a><\/td>\n<\/tr>\n<\/tbody>\n<\/table>\n[\/vc_column_text][\/vc_tta_section][vc_tta_section title=&#8221;Social events 2016&#8243; tab_id=&#8221;1521126522592-e98c7d3b-97f8&#8243;][vc_column_text][\/vc_column_text][\/vc_tta_section][\/vc_tta_tabs][\/vc_column][\/vc_row][vc_row content_placement=&#8221;middle&#8221; opacity_bg_pattern=&#8221;0.1&#8243;][vc_column width=&#8221;5\/6&#8243; offset=&#8221;vc_col-lg-offset-1 vc_col-md-offset-1 vc_col-sm-offset-1&#8243;][vc_column_text]\n<h2 style=\"text-align: center;\">Tagungsort: Deutsches Hygiene-Museum Dresden<\/h2>\n[\/vc_column_text][vc_column_text]\n\n<div id=\"attachment_684\" style=\"width: 1034px\" class=\"wp-caption aligncenter\"><img loading=\"lazy\" decoding=\"async\" aria-describedby=\"caption-attachment-684\" class=\"wp-image-684 size-full\" src=\"https:\/\/leichtbausymposium.de\/deu\/wp-content\/uploads\/sites\/6\/2016\/11\/1024x303_panorama_hygiene.jpg\" alt=\"\" width=\"1024\" height=\"303\" srcset=\"https:\/\/leichtbausymposium.de\/eng\/wp-content\/uploads\/sites\/7\/2016\/11\/1024x303_panorama_hygiene.jpg 1024w, https:\/\/leichtbausymposium.de\/eng\/wp-content\/uploads\/sites\/7\/2016\/11\/1024x303_panorama_hygiene-300x89.jpg 300w, https:\/\/leichtbausymposium.de\/eng\/wp-content\/uploads\/sites\/7\/2016\/11\/1024x303_panorama_hygiene-768x227.jpg 768w\" sizes=\"(max-width: 1024px) 100vw, 1024px\" \/><p id=\"caption-attachment-684\" class=\"wp-caption-text\">\u00a9 Thomas Klewe<\/p><\/div>\n\nDie lebendige Atmosph\u00e4re eines europaweit bekannten Museums und die vielf\u00e4ltigen Raumangebote eines Architekturdenkmals der Klassischen Moderne bieten eine unverwechselbare Location f\u00fcr das 21. Internationale Dresdner Leichtbausymposium 2017. Die zentrale und doch ruhige Lage zwischen der Altstadt mit Frauenkirche, Zwinger und Semperoper und dem Gro\u00dfen Garten, der zentralen Parkanlage Dresdens, machen das Deutsche Hygiene-Museum zu einem ganz besonderen Ort. Die Gr\u00fcndung des Deutschen Hygiene-Museums (1912) geht zur\u00fcck auf eine Initiative des Dresdner Industriellen und Odol-Fabrikanten Karl August Lingner (1861-1916). Lingner hatte 1911 zu den Protagonisten der I. Internationalen Hygiene-Ausstellung geh\u00f6rt, zu der \u00fcber f\u00fcnf Millionen Besucher nach Dresden gekommen waren.[\/vc_column_text][\/vc_column][\/vc_row]","protected":false},"excerpt":{"rendered":"<p>[vc_row][vc_column][vc_column_text] Integrated lightweight engineering as a driver for innovative mobility solutions in the digital age Partner country \u2013 PR of China [\/vc_column_text][\/vc_column][vc_column width=&#8221;1\/2&#8243;][vc_column_text]The Dresden International Lightweight Engineering Symposium is an established platform for the transfer of cross-sector, cross-product knowledge and experience between science, industry, society and the political sphere. From its inception in 1997 to [&hellip;]<\/p>\n","protected":false},"author":2,"featured_media":0,"parent":0,"menu_order":0,"comment_status":"closed","ping_status":"closed","template":"","meta":{"footnotes":""},"_links":{"self":[{"href":"https:\/\/leichtbausymposium.de\/eng\/wp-json\/wp\/v2\/pages\/1085"}],"collection":[{"href":"https:\/\/leichtbausymposium.de\/eng\/wp-json\/wp\/v2\/pages"}],"about":[{"href":"https:\/\/leichtbausymposium.de\/eng\/wp-json\/wp\/v2\/types\/page"}],"author":[{"embeddable":true,"href":"https:\/\/leichtbausymposium.de\/eng\/wp-json\/wp\/v2\/users\/2"}],"replies":[{"embeddable":true,"href":"https:\/\/leichtbausymposium.de\/eng\/wp-json\/wp\/v2\/comments?post=1085"}],"version-history":[{"count":6,"href":"https:\/\/leichtbausymposium.de\/eng\/wp-json\/wp\/v2\/pages\/1085\/revisions"}],"predecessor-version":[{"id":1630,"href":"https:\/\/leichtbausymposium.de\/eng\/wp-json\/wp\/v2\/pages\/1085\/revisions\/1630"}],"wp:attachment":[{"href":"https:\/\/leichtbausymposium.de\/eng\/wp-json\/wp\/v2\/media?parent=1085"}],"curies":[{"name":"wp","href":"https:\/\/api.w.org\/{rel}","templated":true}]}}