{"id":937,"date":"2017-06-13T16:27:28","date_gmt":"2017-06-13T14:27:28","guid":{"rendered":"http:\/\/leichtbausymposium.de\/deu\/?page_id=937"},"modified":"2017-06-13T16:32:21","modified_gmt":"2017-06-13T14:32:21","slug":"stephan-kuehn","status":"publish","type":"page","link":"https:\/\/leichtbausymposium.de\/deu\/stephan-kuehn\/","title":{"rendered":"Stephan K\u00fchn"},"content":{"rendered":"[vc_row][vc_column width=&#8220;1\/2&#8243;][vc_single_image image=&#8220;936&#8243; img_size=&#8220;large&#8220;][\/vc_column][vc_column width=&#8220;1\/2&#8243;]<div class=\"about-title\">\n            <h3 class=\"h3-thin\">Stephan K\u00fchn<\/h3>\n            <p class=\"p-lg\"><\/p>\n            <\/div>[vc_column_text]Stephan K\u00fchn ist Mitglied des Deutschen Bundestages und seit 2011 Sprecher f\u00fcr Verkehrspolitik der Fraktion von B\u00fcndnis 90\/Die Gr\u00fcnen. Neben seiner Mitgliedschaft im Ausschuss f\u00fcr Verkehr und digitale Infrastruktur vertritt er die Fraktion auch im Abgas-Untersuchungsausschuss und engagiert sich im Parlamentskreis Elektromobilit\u00e4t. Vor seiner Mitgliedschaft im Deutschen Bundestag war er Mitglied im Dresdner Stadtrat. Stephan K\u00fchn wurde 1979 in Dresden geboren und ist Diplom-Soziologe.[\/vc_column_text][\/vc_column][\/vc_row]","protected":false},"excerpt":{"rendered":"<p>[vc_row][vc_column width=&#8220;1\/2&#8243;][vc_single_image image=&#8220;936&#8243; img_size=&#8220;large&#8220;][\/vc_column][vc_column width=&#8220;1\/2&#8243;][vc_column_text]Stephan K\u00fchn ist Mitglied des Deutschen Bundestages und seit 2011 Sprecher f\u00fcr Verkehrspolitik der Fraktion von B\u00fcndnis 90\/Die Gr\u00fcnen. Neben seiner Mitgliedschaft im Ausschuss f\u00fcr Verkehr und digitale Infrastruktur vertritt er die Fraktion auch im Abgas-Untersuchungsausschuss und engagiert sich im Parlamentskreis Elektromobilit\u00e4t. Vor seiner Mitgliedschaft im Deutschen Bundestag war er Mitglied [&hellip;]<\/p>\n","protected":false},"author":2,"featured_media":0,"parent":0,"menu_order":0,"comment_status":"closed","ping_status":"closed","template":"","meta":{"footnotes":""},"_links":{"self":[{"href":"https:\/\/leichtbausymposium.de\/deu\/wp-json\/wp\/v2\/pages\/937"}],"collection":[{"href":"https:\/\/leichtbausymposium.de\/deu\/wp-json\/wp\/v2\/pages"}],"about":[{"href":"https:\/\/leichtbausymposium.de\/deu\/wp-json\/wp\/v2\/types\/page"}],"author":[{"embeddable":true,"href":"https:\/\/leichtbausymposium.de\/deu\/wp-json\/wp\/v2\/users\/2"}],"replies":[{"embeddable":true,"href":"https:\/\/leichtbausymposium.de\/deu\/wp-json\/wp\/v2\/comments?post=937"}],"version-history":[{"count":1,"href":"https:\/\/leichtbausymposium.de\/deu\/wp-json\/wp\/v2\/pages\/937\/revisions"}],"predecessor-version":[{"id":938,"href":"https:\/\/leichtbausymposium.de\/deu\/wp-json\/wp\/v2\/pages\/937\/revisions\/938"}],"wp:attachment":[{"href":"https:\/\/leichtbausymposium.de\/deu\/wp-json\/wp\/v2\/media?parent=937"}],"curies":[{"name":"wp","href":"https:\/\/api.w.org\/{rel}","templated":true}]}}