{"id":926,"date":"2017-06-01T20:02:27","date_gmt":"2017-06-01T18:02:27","guid":{"rendered":"http:\/\/leichtbausymposium.de\/deu\/?page_id=926"},"modified":"2017-06-01T20:08:05","modified_gmt":"2017-06-01T18:08:05","slug":"michael-meurer","status":"publish","type":"page","link":"https:\/\/leichtbausymposium.de\/deu\/michael-meurer\/","title":{"rendered":"Michael Meurer"},"content":{"rendered":"[vc_row][vc_column width=&#8220;1\/2&#8243;][vc_single_image image=&#8220;927&#8243; img_size=&#8220;large&#8220;][\/vc_column][vc_column width=&#8220;1\/2&#8243;]<div class=\"about-title\">\n            <h3 class=\"h3-thin\">Michael Meurer<\/h3>\n            <p class=\"p-lg\"><\/p>\n            <\/div>[vc_column_text]Michael Meurer wechselte vor 20 Jahren aus einer leitenden Position bei einer Zulieferer-Firma der Kunststoff Industrie zu der BMW AG.\r\n\r\nEr ist seit 19 Jahren in leitender Position bei der BMW Group t\u00e4tig, unter anderem in der Vor- und Serienentwicklung, als Fahrzeugprojektleiter des Hydrogen 7 und in der Konzernstrategie mit Schwerpunkt Elektromobilit\u00e4t.\r\n\r\nSeit fast 6 Jahren leitet Herr Meurer die konzernweite Forschungsf\u00f6rderung der BMW Group.\r\n\r\nNeben der Mitgliedschaft in einer Vielzahl von internen und externen Gremien mit Schwerpunkt E-Mobilit\u00e4t, leitet er als Sprecher den eNOVA Strategiekreis Elektromobilit\u00e4t. Der eNOVA Strategiekreis Elektromobilit\u00e4t unterstu\u0308tzt die \u00f6ffentliche Hand dabei, Ma\u00dfnahmen zur F\u00f6rderung der vorwettbewerblichen Forschung im Bereich der Elektrofahrzeuge und ihrer Schnittstelle zum Netz zeitlich und inhaltlich aufeinander abzustimmen und am internationalen Geschehen abzugleichen. Seit dem Jahr 2017 geh\u00f6rt Herr Meurer dem NOW Beirat f\u00fcr alternative Antriebsthemen an.[\/vc_column_text][\/vc_column][\/vc_row]","protected":false},"excerpt":{"rendered":"<p>[vc_row][vc_column width=&#8220;1\/2&#8243;][vc_single_image image=&#8220;927&#8243; img_size=&#8220;large&#8220;][\/vc_column][vc_column width=&#8220;1\/2&#8243;][vc_column_text]Michael Meurer wechselte vor 20 Jahren aus einer leitenden Position bei einer Zulieferer-Firma der Kunststoff Industrie zu der BMW AG. Er ist seit 19 Jahren in leitender Position bei der BMW Group t\u00e4tig, unter anderem in der Vor- und Serienentwicklung, als Fahrzeugprojektleiter des Hydrogen 7 und in der Konzernstrategie mit Schwerpunkt [&hellip;]<\/p>\n","protected":false},"author":2,"featured_media":0,"parent":0,"menu_order":0,"comment_status":"closed","ping_status":"closed","template":"","meta":{"footnotes":""},"_links":{"self":[{"href":"https:\/\/leichtbausymposium.de\/deu\/wp-json\/wp\/v2\/pages\/926"}],"collection":[{"href":"https:\/\/leichtbausymposium.de\/deu\/wp-json\/wp\/v2\/pages"}],"about":[{"href":"https:\/\/leichtbausymposium.de\/deu\/wp-json\/wp\/v2\/types\/page"}],"author":[{"embeddable":true,"href":"https:\/\/leichtbausymposium.de\/deu\/wp-json\/wp\/v2\/users\/2"}],"replies":[{"embeddable":true,"href":"https:\/\/leichtbausymposium.de\/deu\/wp-json\/wp\/v2\/comments?post=926"}],"version-history":[{"count":2,"href":"https:\/\/leichtbausymposium.de\/deu\/wp-json\/wp\/v2\/pages\/926\/revisions"}],"predecessor-version":[{"id":929,"href":"https:\/\/leichtbausymposium.de\/deu\/wp-json\/wp\/v2\/pages\/926\/revisions\/929"}],"wp:attachment":[{"href":"https:\/\/leichtbausymposium.de\/deu\/wp-json\/wp\/v2\/media?parent=926"}],"curies":[{"name":"wp","href":"https:\/\/api.w.org\/{rel}","templated":true}]}}