{"id":1455,"date":"2019-02-19T09:03:55","date_gmt":"2019-02-19T08:03:55","guid":{"rendered":"http:\/\/leichtbausymposium.de\/deu\/?page_id=1455"},"modified":"2024-06-03T06:47:48","modified_gmt":"2024-06-03T04:47:48","slug":"impressum-2","status":"publish","type":"page","link":"https:\/\/leichtbausymposium.de\/deu\/impressum-2\/","title":{"rendered":"Impressum"},"content":{"rendered":"[vc_row][vc_column][vc_column_text]\r\n<h1>Veranstalter<\/h1>\r\n<strong>TALENT saxony GmbH<\/strong>\r\nMarschnerstra\u00dfe 39\r\n01307 Dresden\r\n\r\nHandelsregister: HRB 42272\r\nRegistergericht: Amtsgericht Dresden\r\n\r\nE-Mail: <a href=\"mailto:info@leichtbausymposium.de\">info@leichtbausymposium.de<\/a>\r\n<h1><strong>Organisator<\/strong><\/h1>\r\n<strong>Institut f\u00fcr Leichtbau und Kunststofftechnik<\/strong>\r\n<strong>Technische Universit\u00e4t Dresden<\/strong>\r\n01062 Dresden\r\nTel. +49 351 463 39 471\r\nFax +49 351 463 38 143\r\nE-Mail: <a href=\"mailto:ilk@msx.tu-dresden.de\">ilk@mailbox.tu-dresden.de<\/a>\r\n\r\nVerantwortlich i.S.d. MDStV, TDG und des Presserechts:\r\nProf. Dr.-Ing. habil Maik Gude und Dr.-Ing. Albert Langkamp\r\n<h1>Tickets<\/h1>\r\n<strong>eveeno<\/strong>\r\nAndreas Bothe\r\nEllenbogen 8\r\nD-91056 Erlangen\r\nhttps:\/\/eveeno.com\r\n<h2>\u00a0Allgemeiner Haftungshinweis | General Disclaimer<\/h2>\r\n<strong>Haftung f\u00fcr Inhalte:<\/strong> Die Inhalte unserer Seiten wurden mit gr\u00f6\u00dfter Sorgfalt erstellt. F\u00fcr die Richtigkeit, Vollst\u00e4ndigkeit und Aktualit\u00e4t der Inhalte k\u00f6nnen wir jedoch keine Gew\u00e4hr \u00fcbernehmen. Als Diensteanbieter sind wir gem\u00e4\u00df \u00a7 7 Abs.1 TMG f\u00fcr eigene Inhalte auf diesen Seiten nach den allgemeinen Gesetzen verantwortlich. Nach \u00a7\u00a7 8 bis 10 TMG sind wir als Diensteanbieter jedoch nicht verpflichtet, \u00fcbermittelte oder gespeicherte fremde Informationen zu \u00fcberwachen oder nach Umst\u00e4nden zu forschen, die auf eine rechtswidrige T\u00e4tigkeit hinweisen. Verpflichtungen zur Entfernung oder Sperrung der Nutzung von Informationen nach den allgemeinen Gesetzen bleiben hiervon unber\u00fchrt. Eine diesbez\u00fcgliche Haftung ist jedoch erst ab dem Zeitpunkt der Kenntnis einer konkreten Rechtsverletzung m\u00f6glich. Bei bekannt werden von entsprechenden Rechtsverletzungen werden wir diese Inhalte umgehend entfernen.\r\n\r\n<strong>Haftung f\u00fcr Links:<\/strong> Unser Angebot enth\u00e4lt Links zu externen Webseiten Dritter, auf deren Inhalte wir keinen Einfluss haben. Deshalb k\u00f6nnen wir f\u00fcr diese fremden Inhalte auch keine Gew\u00e4hr \u00fcbernehmen. F\u00fcr die Inhalte der verlinkten Seiten ist stets der jeweilige Anbieter oder Betreiber der Seiten verantwortlich. Die verlinkten Seiten wurden zum Zeitpunkt der Verlinkung auf m\u00f6gliche Rechtsverst\u00f6\u00dfe \u00fcberpr\u00fcft. Rechtswidrige Inhalte waren zum Zeitpunkt der Verlinkung nicht erkennbar. Eine permanente inhaltliche Kontrolle der verlinkten Seiten ist jedoch ohne konkrete Anhaltspunkte einer Rechtsverletzung nicht zumutbar. Bei Bekanntwerden von Rechtsverletzungen werden wir derartige Links umgehend entfernen.\r\n\r\n<strong>Urheberrecht:<\/strong> Die durch die Seitenbetreiber erstellten Inhalte und Werke auf diesen Seiten unterliegen dem deutschen Urheberrecht. Die Vervielf\u00e4ltigung, Bearbeitung, Verbreitung und jede Art der Verwertung au\u00dferhalb der Grenzen des Urheberrechtes bed\u00fcrfen der schriftlichen Zustimmung des jeweiligen Autors bzw. Erstellers. Downloads und Kopien dieser Seite sind nur f\u00fcr den privaten, nicht kommerziellen Gebrauch gestattet. Soweit die Inhalte auf dieser Seite nicht vom Betreiber erstellt wurden, werden die Urheberrechte Dritter beachtet. Insbesondere werden Inhalte Dritter als solche gekennzeichnet. Sollten Sie trotzdem auf eine Urheberrechtsverletzung aufmerksam werden, bitten wir um einen entsprechenden Hinweis. Bei Bekanntwerden von Rechtsverletzungen werden wir derartige Inhalte umgehend entfernen.\r\n\r\n<strong>Keine Abmahnung ohne vorherige Kontaktaufnahme:<\/strong> Im Falle von wettbewerbsrechtlichen, domainrechtlichen, urheberrechtlichen oder \u00e4hnlichen Problemen bitten wir Sie, uns zur Vermeidung unn\u00f6tiger Rechtsstreite und Kosten bereits im Vorfeld zu kontaktieren. Wir garantieren, dass zu Recht beanstandete Passagen unverz\u00fcglich entfernt werden, ohne dass von Ihrer Seite die Einschaltung eines Rechtsbeistandes erforderlich ist. Die Kostennote einer anwaltlichen Abmahnung ohne vorhergehende Kontaktaufnahme mit uns wird im Sinne der Schadensminderungspflicht als unbegr\u00fcndet zur\u00fcckgewiesen und gegebenenfalls Gegenklage wegen Verletzung vorgenannter Bestimmungen erhoben.\r\n\r\n<strong>Rechtswirksamkeit dieses Haftungsausschlusses:<\/strong> Sollten einzelne Regelungen oder Formulierungen dieses Haftungsausschlusses unwirksam sein oder werden, bleiben die \u00fcbrigen Regelungen in ihrem Inhalt und ihrer G\u00fcltigkeit hiervon unber\u00fchrt.[\/vc_column_text][\/vc_column][\/vc_row]","protected":false},"excerpt":{"rendered":"<p>[vc_row][vc_column][vc_column_text] Veranstalter TALENT saxony GmbH Marschnerstra\u00dfe 39 01307 Dresden Handelsregister: HRB 42272 Registergericht: Amtsgericht Dresden E-Mail: info@leichtbausymposium.de Organisator Institut f\u00fcr Leichtbau und Kunststofftechnik Technische Universit\u00e4t Dresden 01062 Dresden Tel. +49 351 463 39 471 Fax +49 351 463 38 143 E-Mail: ilk@mailbox.tu-dresden.de Verantwortlich i.S.d. MDStV, TDG und des Presserechts: Prof. Dr.-Ing. habil Maik Gude und [&hellip;]<\/p>\n","protected":false},"author":4,"featured_media":0,"parent":0,"menu_order":0,"comment_status":"closed","ping_status":"open","template":"","meta":{"footnotes":""},"_links":{"self":[{"href":"https:\/\/leichtbausymposium.de\/deu\/wp-json\/wp\/v2\/pages\/1455"}],"collection":[{"href":"https:\/\/leichtbausymposium.de\/deu\/wp-json\/wp\/v2\/pages"}],"about":[{"href":"https:\/\/leichtbausymposium.de\/deu\/wp-json\/wp\/v2\/types\/page"}],"author":[{"embeddable":true,"href":"https:\/\/leichtbausymposium.de\/deu\/wp-json\/wp\/v2\/users\/4"}],"replies":[{"embeddable":true,"href":"https:\/\/leichtbausymposium.de\/deu\/wp-json\/wp\/v2\/comments?post=1455"}],"version-history":[{"count":8,"href":"https:\/\/leichtbausymposium.de\/deu\/wp-json\/wp\/v2\/pages\/1455\/revisions"}],"predecessor-version":[{"id":3116,"href":"https:\/\/leichtbausymposium.de\/deu\/wp-json\/wp\/v2\/pages\/1455\/revisions\/3116"}],"wp:attachment":[{"href":"https:\/\/leichtbausymposium.de\/deu\/wp-json\/wp\/v2\/media?parent=1455"}],"curies":[{"name":"wp","href":"https:\/\/api.w.org\/{rel}","templated":true}]}}